 5*q + 0 + 198 = -i, 4*q - 696 = 4*i. Let m = i + 303. Suppose 4*v - m = -v. Calculate the remainder when v is divided by 13.
12
Let k be (-6 - 1/1) + 1. Let t = -3 - k. Suppose 3*p - y = 29, -t*y - 44 = -4*p + y. What is the remainder when 16 is divided by p?
7
Suppose c = -4*h + 92, -71 = 5*c - 5*h - 581. Suppose 0 = -2*k - 3*k + c. Let w(s) = 3*s + 2. Calculate the remainder when k is divided by w(3).
9
Let d = 42 + -27. Let v(w) = w**2 + 7*w - 4. Calculate the remainder when d is divided by v(-8).
3
Let n(c) = 9*c + 6. Let q = 6 - 12. Let o be n(q). Calculate the remainder when 23 is divided by (9/(-2))/(18/o).
11
Let h = 101 - 62. Calculate the remainder when h is divided by 11.
6
Let o(k) = -k**2 - 2*k + 5. Let a(b) = b**2 + b - 4. Let i(h) = 4*a(h) + 3*o(h). Suppose 2*q = 6*q - 4. What is the remainder when i(3) is divided by q?
0
Let v be 2 - (2/(-1) - 0). Suppose -3*q + 23 - 1 = 4*i, 3*i + 21 = v*q. What is the remainder when 23 is divided by q?
5
Suppose 3 = -2*k - 1, -4*k - 183 = -5*c. Calculate the remainder when 68 is divided by c.
33
Suppose 3*w + w = 92. What is the remainder when 68 is divided by w?
22
Suppose -7*u + 16*u - 108 = 0. Calculate the remainder when u is divided by 7.
5
Let w(f) be the first derivative of 2*f**3/3 - f**2/2 + 2*f - 2. Let n = 5 + -3. Calculate the remainder when 15 is divided by w(n).
7
Calculate the remainder when 0 - (-1 + 0 + -30) is divided by 2 + -2 - -11 - 0.
9
Suppose h + 64 = 2*w, -3*w = -3*h + 11 - 110. What is the remainder when -2 + w + (2 - 0) is divided by 8?
7
Let w(o) = -o**3 + 12*o**2 + 15*o - 4. Calculate the remainder when w(13) is divided by (4/(-6))/((-5)/45).
4
Let k(q) = -q**2 + 15*q - 11. Let s be k(11). Suppose 8*h - 3*h = -4*b + 207, h - 2*b = s. Calculate the remainder when h is divided by 10.
9
Let o(s) = s**2 - 10*s + 23. Calculate the remainder when o(8) is divided by 5.
2
Let p be (-141)/(-27) + 2/(-9). Let x(q) be the first derivative of q**2 - 2*q + 1. What is the remainder when x(p) is divided by 5?
3
Suppose 2*t = -3*t + 100. Let w = 194 - 137. Calculate the remainder when w is divided by t.
17
Suppose 0 = -x - 0*x. Suppose -w + g + 3 = x, -5*w + 2*g = -6*w + 18. What is the remainder when 23 is divided by w?
7
Let c be -2*(-1*2 + 5). Let r be 4/12 - (-26)/c. Let k = r + 6. Calculate the remainder when k is divided by 2.
0
Let o(n) = -n**3 - 8*n**2 + 9*n + 2. Let b be o(-9). Calculate the remainder when (8/(-12))/(b/(-129)) is divided by 15.
13
What is the remainder when 32 is divided by (-4 + (-33)/(-4))*4?
15
Let a(i) = i**3 - 15*i**2 + 14*i - 4. Let k be a(14). Calculate the remainder when 30 is divided by k/22 - (-369)/33.
8
Suppose 2*v = -2*v + 108. Let r(a) = -20*a + 38. Calculate the remainder when r(-2) is divided by v.
24
Suppose 2*q = 3*v - 16, -7*q + 10 = v - 3*q. Suppose 6 = i + 2*i. Let s = 2 + i. What is the remainder when v is divided by s?
2
Suppose 2*g + 14 - 78 = 0. What is the remainder when 60 is divided by g?
28
Calculate the remainder when 43 is divided by 18/(-27) + 52/6.
3
Suppose -3*o + 250 = -2*g + 4*g, o = 5*g + 72. Suppose -2*b + o = m, 2*b = 5*m - b - 436. Let l = -25 + m. What is the remainder when l is divided by 21?
19
Suppose -3*p = -5*i - 46, 4*p = p - 4*i + 28. What is the remainder when 23 is divided by p?
11
Suppose 28 = 3*v + n - 133, -4*v + 5*n = -240. Calculate the remainder when v is divided by 29.
26
Let q(c) = 3*c**2 + c - 3. What is the remainder when 20 is divided by q(2)?
9
Let z(n) = -n - 9. Let g be z(-6). Let l(r) = r**3 + 2*r**2 - 2*r + 2. Let b be l(g). What is the remainder when 7*(-3)/(-2 + b) is divided by 4?
3
Let q(u) = 3*u + 9. Calculate the remainder when 70 is divided by q(9).
34
Suppose -5*u - 197 = -3*y - 71, 4*u = 5*y - 197. Calculate the remainder when y is divided by 10.
7
Suppose -7 = -2*m - z, 5*m - 5*z + 4 = -1. Suppose -4*w - 10 = -3*s + 2, m*w = 3*s - 12. Suppose 14 = 3*c + 5. What is the remainder when s is divided by c?
1
Let l = 54 + -30. What is the remainder when l is divided by 13?
11
Let o be 6/(-4)*(-4)/6. Suppose 4*h - 14*h + 90 = 0. Calculate the remainder when ((-25)/(-2))/(o/2) is divided by h.
7
Suppose 0 = 12*h - 353 + 17. Calculate the remainder when 102 is divided by h.
18
Suppose -3*h + 4*a + 103 = 0, -3*a = -3*h + 2*a + 107. Suppose 20 = 4*b, -5*m + 2*m - 2*b = -58. What is the remainder when h is divided by m?
13
Suppose -3*b + 161 = -x, -4*b - 9*x = -4*x - 202. Let r(t) = t**3 - t**2 + 2*t + 1. What is the remainder when b is divided by r(2)?
8
Suppose -9*f + 8*f - 3 = 0, 4*o - 2*f = 62. Calculate the remainder when o is divided by 2.
0
Let z = 4 + 0. What is the remainder when ((-10)/15)/(z/(-318)) is divided by 18?
17
Let q(r) = r - 1. Let k be q(5). Calculate the remainder when 30 is divided by k/(-10)*(-42 + 2).
14
Suppose -17 = 3*d - 83. Suppose -b - 8 = -3*c + 3*b, 4*b = -3*c + 40. Calculate the remainder when d is divided by c.
6
Suppose 3*l = 2*l + 5. Suppose -4*h + 35 = r, -l*r + 4*h + 122 = -53. What is the remainder when 36 is divided by r/2 + (-12)/(-8)?
17
Suppose f + 2*r + 2*r = 42, -5*r + 98 = 3*f. What is the remainder when f is divided by 15?
11
Let h(r) = -7*r + 14. Calculate the remainder when h(-5) is divided by 17.
15
Let m(x) = -7*x - 4. What is the remainder when 50 is divided by m(-3)?
16
Suppose 8*m + 40 = o + 7*m, o - 4*m = 25. Calculate the remainder when o is divided by 14.
3
Calculate the remainder when 90/30 - (-16 + 1) is divided by 10.
8
Suppose a - 2*a + 21 = -4*k, 4*a = -4*k - 16. What is the remainder when 7 is divided by a?
0
Let p = -140 - -199. Let k = 29 - 14. What is the remainder when p is divided by k?
14
Let q be (2 - (-1 - 0)) + -2. Let d(n) = 41*n**2 - n + 1. What is the remainder when d(q) is divided by 11?
8
What is the remainder when 26 is divided by -2*(-12)/(-8) - -13?
6
Let q(o) = -3*o + 1 - 6 - 9 - 4. Calculate the remainder when q(-12) is divided by 7.
4
Calculate the remainder when -3 + 129/3*1 is divided by 21.
19
What is the remainder when 3*(-6)/9 + 57 is divided by 29?
26
Let w be 1/(2/((-42)/(-3))). Let s = 9 - w. Calculate the remainder when 5 is divided by s.
1
Suppose 4*m - 72 = -2*m. What is the remainder when m is divided by 3?
0
Suppose -23 - 27 = -5*p. Let v(i) = -i + 11. Let s be v(p). Suppose 5*k = -4*h + 3*h - s, -3*h + 82 = -2*k. What is the remainder when h is divided by 13?
11
Let w(v) = v + 7. Let m be w(-8). Let z be m + 2 + -2 + 45. Let p = z + 5. What is the remainder when p is divided by 13?
10
Suppose 85 + 165 = 10*s. Calculate the remainder when 74 is divided by s.
24
Let j = 6 + -4. Calculate the remainder when (8/10)/((-2)/(-5)) is divided by j.
0
Let a(b) = b**3 - 4*b**2 - 5*b + 3. Let r be a(5). Suppose -133 - 35 = -r*u. Calculate the remainder when u is divided by 20.
16
Suppose -5*u + 118 = 4*c, 5*c + 2*u = -2*u + 143. What is the remainder when 90 is divided by c?
9
Calculate the remainder when -8 - -10 - (-86*1)/1 is divided by 46.
42
Let c(v) = 3*v - 3*v + 34 + v**3. What is the remainder when c(0) is divided by 8 - ((-9)/3 + 2)?
7
Suppose 0 = m - 3*w + 2 + 2, 0 = 4*m + w - 36. What is the remainder when 22 is divided by m?
6
Let o(p) = -p + 7. Calculate the remainder when o(-11) is divided by 4.
2
Suppose 3*n + 0*n = 3*k - 54, 5*k + 4*n = 117. Calculate the remainder when k is divided by 6.
3
Let c be 4/6 + 30/(-18). Let b(n) = -2*n. Let a = 7 - 5. Calculate the remainder when a is divided by b(c).
0
Let t(i) = -5*i - 5. Let z(k) = 5*k + 6. Let j(p) = -4*t(p) - 5*z(p). Calculate the remainder when j(-8) is divided by 8.
6
Suppose -5*q = 20, -2*u + 5*q = -u - 117. Calculate the remainder when u is divided by 14.
13
Let g(f) = 9*f - 16. Calculate the remainder when g(6) is divided by 13.
12
Let m = 6 + -4. Let k = -18 - -65. Calculate the remainder when k is divided by 13 - (m - (1 - 0)).
11
Suppose -5*u - 4 + 14 = 0. Suppose 4*h = -3 + 15. Let v = h - u. What is the remainder when 1 is divided by v?
0
Let h = 121 + -95. Calculate the remainder when 51 is divided by h.
25
Let m be 20/6 - (-6)/(-18). Suppose 4*u = 12, 4*b + 2*u = -m*u + 263. Calculate the remainder when b is divided by 21.
20
What is the remainder when 93 is divided by 2 - (0 - (1 - -21))?
21
Let z(m) = 9*m + 1. Let k be z(